{"id":3,"date":"2020-05-13T15:10:21","date_gmt":"2020-05-13T15:10:21","guid":{"rendered":"https:\/\/www.lesalondecharlotte.fr\/?page_id=3"},"modified":"2023-07-28T11:11:16","modified_gmt":"2023-07-28T09:11:16","slug":"confidentialite","status":"publish","type":"page","link":"https:\/\/www.lesalondecharlotte.fr\/index.php\/contact\/confidentialite\/","title":{"rendered":"Confidentialite"},"content":{"rendered":"<div class=\"wpb-content-wrapper\"><p>[vc_row][vc_column][vc_column_text]<\/p>\r\n<h3 class=\"wp-block-heading\"><span style=\"color: #8b233a; font-family: calibri; font-size: 24px;\">1. INTRODUCTION<\/span><\/h3>\r\n<p style=\"padding-left: 20px; text-align: justify;\">Le Salon de Charlotte (adresse URL du site Web: <a href=\"https:\/\/www.lesalondecharlotte.fr\/\">https:\/\/www.lesalondecharlotte.fr<\/a>) appr\u00e9cie votre confiance. Nous sommes une soci\u00e9t\u00e9 bas\u00e9e \u00e0 St Pol de L\u00e9on. Veuillez lire cette politique de confidentialit\u00e9, en donnant votre consentement aux deux documents afin d\u2019avoir la permission d\u2019utiliser nos services.<\/p>\r\n<p>&nbsp;<\/p>\r\n<h3><span style=\"color: #8b233a; font-family: calibri; font-size: 24px;\">2. DONN\u00c9ES COLLECT\u00c9ES<\/span><\/h3>\r\n<h5><strong><span style=\"font-family: calibri;\">LIEU DE\u00a0 STOCKAGE DES DONN\u00c9ES<\/span><\/strong><\/h5>\r\n<p style=\"padding-left: 20px; text-align: justify;\">Nous sommes une soci\u00e9t\u00e9 bas\u00e9e \u00e0 St Pol de L\u00e9on et exploitons des serveurs Web h\u00e9berg\u00e9s en France. Notre fournisseur d&#8217;h\u00e9bergement OVH.com adh\u00e8re au \u00abbouclier de protection des donn\u00e9es\u00bb UE \/ \u00c9tats-Unis, garantissant que vos donn\u00e9es sont stock\u00e9es en toute s\u00e9curit\u00e9 et conformes au RGPD. Pour plus d&#8217;informations sur la politique de confidentialit\u00e9 de OVH.com, veuillez consulter ici: <a href=\"https:\/\/www.ovh.com\/fr\/protection-donnees-personnelles\/\">Politique de confidentialit\u00e9 des donn\u00e9es OVH<\/a>.<\/p>\r\n<p style=\"padding-left: 20px; text-align: justify;\">Si vous vous inscrivez sur notre site Web, nous stockons votre nom d&#8217;utilisateur et votre adresse e-mail ainsi que toute information personnelle suppl\u00e9mentaire ajout\u00e9e \u00e0 votre profil d&#8217;utilisateur. Vous pouvez voir, modifier ou supprimer vos informations personnelles \u00e0 tout moment (sauf en modifiant votre nom d&#8217;utilisateur). Les administrateurs du site Web peuvent \u00e9galement voir et modifier ces informations.<\/p>\r\n<h5><span style=\"font-family: calibri;\"><strong>DONN\u00c9ES D&#8217;INSCRIPTION<\/strong><\/span><\/h5>\r\n<p style=\"padding-left: 20px; text-align: justify;\">Si vous vous inscrivez sur notre site Web, nous stockons votre nom d&#8217;utilisateur et votre adresse e-mail ainsi que toute information personnelle suppl\u00e9mentaire ajout\u00e9e \u00e0 votre profil d&#8217;utilisateur. Vous pouvez voir, modifier ou supprimer vos informations personnelles \u00e0 tout moment (sauf en modifiant votre nom d&#8217;utilisateur). Les administrateurs du site Web peuvent \u00e9galement voir et modifier ces informations.<\/p>\r\n<h5><strong><span style=\"font-family: calibri;\">COMMENTAIRES<\/span><\/strong><\/h5>\r\n<p style=\"padding-left: 20px; text-align: justify;\">Lorsque vous laissez des commentaires sur le site Web, nous collectons les donn\u00e9es affich\u00e9es dans le formulaire de commentaires, ainsi que l&#8217;adresse IP et la cha\u00eene de l&#8217;agent utilisateur du navigateur pour aider \u00e0 la d\u00e9tection du spam.<\/p>\r\n<h5><strong><span style=\"font-family: calibri;\">FORMULAIRE DE CONTACT<\/span><\/strong><\/h5>\r\n<p style=\"padding-left: 20px; text-align: justify;\">Les informations soumises via le formulaire de contact sur notre site sont envoy\u00e9es \u00e0 l&#8217;adresse e-mail de notre entreprise.<\/p>\r\n<p style=\"padding-left: 20px; text-align: justify;\">Ces soumissions ne sont conserv\u00e9es qu&#8217;\u00e0 des fins de service client, elles ne sont jamais utilis\u00e9es \u00e0 des fins de marketing ou partag\u00e9es avec des tiers.<\/p>\r\n<h5><strong><span style=\"font-family: calibri;\">GOOGLE ANALYTICS<\/span><\/strong><\/h5>\r\n<p style=\"padding-left: 20px; text-align: justify;\">Nous utilisons Google Analytics sur notre site pour des rapports anonymes sur l&#8217;utilisation du site. Ainsi, aucune donn\u00e9e personnalis\u00e9e n&#8217;est stock\u00e9e. Si vous souhaitez d\u00e9sactiver la surveillance de Google Analytics de votre comportement sur notre site Web, veuillez utiliser ce lien: <a href=\"https:\/\/tools.google.com\/dlpage\/gaoptout\/\">D\u00e9sactivation de Google Analytics<\/a>.<\/p>\r\n<h5><strong><span style=\"font-family: calibri;\">CAS D&#8217;UTILISATION DES DONN\u00c9ES PERSONELLES<\/span><\/strong><\/h5>\r\n<p style=\"padding-left: 20px; text-align: justify;\"><strong>Nous utilisons vos informations personnelles dans les cas suivants:<\/strong><\/p>\r\n<ul style=\"padding-left: 20px; text-align: justify;\">\r\n<li>V\u00e9rification \/ identification de l&#8217;utilisateur lors de l&#8217;utilisation du site Web.<\/li>\r\n<li>Fournir une assistance technique.<\/li>\r\n<li>Envoi de mises \u00e0 jour \u00e0 nos utilisateurs avec des informations importantes pour informer sur les nouvelles \/ changements.<\/li>\r\n<li>V\u00e9rifier l\u2019activit\u00e9 des comptes afin de pr\u00e9venir les transactions frauduleuses et d\u2019assurer la s\u00e9curit\u00e9 sur les informations personnelles de nos clients.<\/li>\r\n<li>Personnalisez le site Web pour rendre votre exp\u00e9rience plus personnelle et attrayante.<\/li>\r\n<li>Garantir la performance globale et le bon fonctionnement des fonctions administratives.<\/li>\r\n<\/ul>\r\n<p>&nbsp;<\/p>\r\n\r\n<h3><span style=\"color: #8b233a; font-family: calibri; font-size: 24px;\">3. CONTENU INT\u00c9GR\u00c9<\/span><\/h3>\r\n\r\n<p style=\"padding-left: 20px; text-align: justify;\">Les pages de ce site peuvent inclure du contenu int\u00e9gr\u00e9, comme des vid\u00e9os YouTube, par exemple. Le contenu int\u00e9gr\u00e9 d\u2019autres sites Web se comporte exactement de la m\u00eame mani\u00e8re que si vous visitiez l\u2019autre site Web.<\/p>\r\n<p style=\"padding-left: 20px; text-align: justify;\">Ces sites Web peuvent collecter des donn\u00e9es \u00e0 votre sujet, utiliser des cookies, int\u00e9grer un suivi tiers suppl\u00e9mentaire et surveiller votre interaction avec ce contenu int\u00e9gr\u00e9, y compris le suivi de votre interaction avec le contenu int\u00e9gr\u00e9 si vous avez un compte et \u00eates connect\u00e9 \u00e0 ce site Web. Vous trouverez ci-dessous une liste des services que nous utilisons:<\/p>\r\n<h5 class=\"wp-block-heading\"><strong><span style=\"padding-left: 20px; font-family: calibri;\">FACEBOOK<\/span><\/strong><\/h5>\r\n<p style=\"padding-left: 20px; text-align: justify;\">Le plugin de page Facebook est utilis\u00e9 pour afficher notre chronologie Facebook sur notre site. Facebook a ses propres politiques de cookies et de confidentialit\u00e9 sur lesquelles nous n\u2019avons aucun contr\u00f4le. Il n\u2019y a pas d\u2019installation de cookies de Facebook et votre adresse IP n\u2019est pas envoy\u00e9e \u00e0 un serveur Facebook tant que vous n\u2019y consentez pas. Consultez leur politique de confidentialit\u00e9 ici:\u00a0<a href=\"https:\/\/www.facebook.com\/privacy\/\">Politique de confidentialit\u00e9 de Facebook.<\/a><\/p>\r\n<h5><strong><span style=\"padding-left: 20px; font-family: calibri;\">TWITTER<\/span><\/strong><\/h5>\r\n<p style=\"padding-left: 20px; text-align: justify;\">Nous utilisons l\u2019API Twitter pour afficher la chronologie de nos tweets sur notre site. Twitter a ses propres politiques de cookies et de confidentialit\u00e9 sur lesquelles nous n\u2019avons aucun contr\u00f4le. Votre adresse IP n\u2019est pas envoy\u00e9e \u00e0 un serveur Twitter tant que vous n\u2019y consentez pas. Consultez leur politique de confidentialit\u00e9 ici:\u00a0<a href=\"https:\/\/twitter.com\/privacy\">Politique de confidentialit\u00e9 Twitter.<\/a><\/p>\r\n<h5><strong><span style=\"padding-left: 20px; font-family: calibri;\">YOUTUBE<\/span><\/strong><\/h5>\r\n<p style=\"padding-left: 20px; text-align: justify;\">Nous utilisons des vid\u00e9os YouTube int\u00e9gr\u00e9es sur notre site. YouTube a ses propres politiques de cookies et de confidentialit\u00e9 sur lesquelles nous n\u2019avons aucun contr\u00f4le. Il n\u2019y a pas d\u2019installation de cookies de YouTube et votre adresse IP n\u2019est pas envoy\u00e9e \u00e0 un serveur YouTube tant que vous n\u2019y consentez pas. Consultez leur politique de confidentialit\u00e9 ici:\u00a0<a href=\"https:\/\/support.google.com\/youtube\/answer\/2801895?hl=es-419\">Politique de confidentialit\u00e9 de YouTube.<\/a><\/p>\r\n<h5><strong><span style=\"padding-left: 20px; font-family: calibri;\">CHOIX DE CONSENTEMENT<\/span><\/strong><\/h5>\r\n<p style=\"padding-left: 20px; text-align: justify;\">Nous vous offrons le choix d\u2019accepter cela ou non, nous invitons des bo\u00eetes de consentement pour tout le contenu int\u00e9gr\u00e9 et aucune donn\u00e9e n\u2019est transf\u00e9r\u00e9e avant que vous n\u2019y consentiez. Les cases \u00e0 cocher ci-dessous vous montrent toutes les int\u00e9grations auxquelles vous avez consenti jusqu\u2019\u00e0 pr\u00e9sent. Vous pouvez vous d\u00e9sinscrire \u00e0 tout moment en les d\u00e9cochant et en cliquant sur le bouton de mise \u00e0 jour.<\/p>\r\n<ul style=\"padding-left: 20px; text-align: justify;\">\r\n<li class=\"tw-data-text tw-text-large XcVN5d tw-ta\" dir=\"ltr\" data-placeholder=\"Translation\"><span lang=\"fr\">Youtube<\/span><\/li>\r\n<li class=\"tw-data-text tw-text-large XcVN5d tw-ta\" dir=\"ltr\" data-placeholder=\"Translation\"><span lang=\"fr\">Facebook<\/span><\/li>\r\n<li class=\"tw-data-text tw-text-large XcVN5d tw-ta\" dir=\"ltr\" data-placeholder=\"Translation\"><span lang=\"fr\">Twitter<\/span><\/li>\r\n<\/ul>\r\n<p><!--<\/p>\r\n<div class=\"wpb_text_column wpb_content_element vc_custom_1607102049785\">\r\n<div class=\"wpb_wrapper\">\r\n<p> --><\/p>\r\n<p>&nbsp;<\/p>\r\n<h3><span style=\"color: #8b233a; font-family: calibri; font-size: 24px;\">4. COOKIES<\/span><\/h3>\r\n<p style=\"padding-left: 20px; text-align: justify;\">Ce site utilise des cookies \u2013 de petits fichiers texte plac\u00e9s sur votre ordinateur pour aider le site \u00e0 offrir une meilleure exp\u00e9rience utilisateur. En g\u00e9n\u00e9ral, les cookies sont utilis\u00e9s pour conserver les pr\u00e9f\u00e9rences de l\u2019utilisateur, stocker des informations pour des \u00e9l\u00e9ments tels que les paniers d\u2019achat et fournir des donn\u00e9es de suivi anonymis\u00e9es \u00e0 des applications tierces telles que Google Analytics. Les cookies existent g\u00e9n\u00e9ralement pour am\u00e9liorer votre exp\u00e9rience de navigation. Cependant, vous pouvez pr\u00e9f\u00e9rer d\u00e9sactiver les cookies sur ce site et sur d\u2019autres. Le moyen le plus efficace pour ce faire est de d\u00e9sactiver les cookies dans votre navigateur. Nous vous sugg\u00e9rons de consulter la section d\u2019aide de votre navigateur.<\/p>\r\n<h6><span style=\"padding-left: 20px;\">COOKIES NECESSAIRES (TOUS LES VISITEURS DU SITE)<\/span><\/h6>\r\n<ul style=\"padding-left: 20px; text-align: justify;\">\r\n<li><b>PHPSESSID:\u00a0<\/b>pour identifier votre session unique sur le site Web.<\/li>\r\n<\/ul>\r\n<h6><span style=\"padding-left: 20px;\">COOKIES NECESSAIRES (SUPPL\u00c9MENTAIRES POUR LES CLIENTS CONNECT\u00c9S)<\/span><\/h6>\r\n<ul style=\"padding-left: 20px; text-align: justify;\">\r\n<li><b>wp-auth:\u00a0<\/b>Utilis\u00e9 par WordPress pour authentifier les visiteurs connect\u00e9s, l\u2019authentification par mot de passe et la v\u00e9rification des utilisateurs.<\/li>\r\n<li><b>wordpress_logged_in_{hash}:\u00a0<\/b>utilis\u00e9 par WordPress pour authentifier les visiteurs connect\u00e9s, l\u2019authentification par mot de passe et la v\u00e9rification de l\u2019utilisateur.<\/li>\r\n<li><b>wordpress_test_cookie:\u00a0<\/b>Utilis\u00e9 par WordPress pour s\u2019assurer que les cookies fonctionnent correctement.<\/li>\r\n<li><b>wp-settings-[UID]:\u00a0<\/b>WordPress d\u00e9finit quelques cookies wp-settings- [UID]. Le num\u00e9ro \u00e0 la fin est votre ID utilisateur individuel dans la table de base de donn\u00e9es des utilisateurs. Ceci est utilis\u00e9 pour personnaliser votre vue de l\u2019interface d\u2019administration, et \u00e9ventuellement aussi l\u2019interface principale du site.<\/li>\r\n<li><b>wp-settings-[UID]:\u00a0<\/b>WordPress d\u00e9finit \u00e9galement quelques cookies wp-settings- {time} \u2013 [UID]. Le num\u00e9ro \u00e0 la fin est votre ID utilisateur individuel dans la table de base de donn\u00e9es des utilisateurs. Ceci est utilis\u00e9 pour personnaliser votre vue de l\u2019interface d\u2019administration, et \u00e9ventuellement aussi l\u2019interface principale du site.<\/li>\r\n<\/ul>\r\n<p><!--<\/div>\r\n<\/div>\r\n<p>--><\/p>\r\n<p>&nbsp;<\/p>\r\n<h3><span style=\"color: #8b233a; font-family: calibri; font-size: 24px;\">5. QUI A ACC\u00c8S \u00c0 VOS DONN\u00c9ES<\/span><\/h3>\r\n<p style=\"padding-left: 20px; text-align: justify;\">Si vous n\u2019\u00eates pas un client enregistr\u00e9 sur notre site, nous ne pouvons conserver ou consulter aucune information personnelle vous concernant.<\/p>\r\n<p style=\"padding-left: 20px; text-align: justify;\">Si vous \u00eates un client avec un compte enregistr\u00e9, vos informations personnelles sont accessibles par:<\/p>\r\n<ul style=\"padding-left: 20px; text-align: justify;\">\r\n<li class=\"tw-data-text tw-text-large XcVN5d tw-ta\" dir=\"ltr\" data-placeholder=\"Translation\"><span lang=\"fr\">Nos administrateurs syst\u00e8me.<\/span><\/li>\r\n<li class=\"tw-data-text tw-text-large XcVN5d tw-ta\" dir=\"ltr\" data-placeholder=\"Translation\"><span lang=\"fr\">Nos supporters lorsqu\u2019ils (afin de fournir un soutien) ont besoin d\u2019obtenir des informations sur les comptes clients et l\u2019acc\u00e8s.<\/span><\/li>\r\n<\/ul>\r\n<p>&nbsp;<\/p>\r\n<h3><span style=\"color: #8b233a; font-family: calibri; font-size: 24px;\">6. ACC\u00c9S DE TIERS \u00c0 VOS DONN\u00c9ES<\/span><\/h3>\r\n<p style=\"padding-left: 20px; text-align: justify;\">Nous ne partageons pas vos donn\u00e9es avec des tiers de mani\u00e8re \u00e0 r\u00e9v\u00e9ler vos informations personnelles telles que votre e-mail, votre nom, etc.<\/p>\r\n<p>&nbsp;<\/p>\r\n<h3><span style=\"color: #8b233a; font-family: calibri; font-size: 24px;\">7. DUR\u00c9E DE CONSERVATION DE VOS DONN\u00c9ES<\/span><\/h3>\r\n<p><!--<\/p>\r\n<div class=\"flipthis-wrapper\">\r\n<p> --><\/p>\r\n<p style=\"padding-left: 20px; text-align: justify;\">Si vous vous inscrivez sur notre site Web, nous stockons \u00e9galement les informations personnelles que vous fournissez dans votre profil d\u2019utilisateur. Vous pouvez voir, modifier ou supprimer vos informations personnelles \u00e0 tout moment (sauf en modifiant votre nom d\u2019utilisateur). Les administrateurs du site Web peuvent \u00e9galement voir et modifier ces informations.<\/p>\r\n<p><!--<\/div>\r\n<p>--><\/p>\r\n<p>&nbsp;<\/p>\r\n<h3><span style=\"color: #8b233a; font-family: calibri; font-size: 24px;\">8. MESURES DE S\u00c9CURIT\u00c9<\/span><\/h3>\r\n<p><!--<\/p>\r\n<div>\r\n<p> --><\/p>\r\n<p style=\"padding-left: 20px; text-align: justify;\">Nous utilisons le protocole SSL \/ HTTPS sur l\u2019ensemble de notre site. Cela crypte les communications de nos utilisateurs avec les serveurs afin que les informations personnelles identifiables ne soient pas captur\u00e9es \/ d\u00e9tourn\u00e9es par des tiers sans autorisation.<\/p>\r\n<p style=\"padding-left: 20px; text-align: justify;\">En cas de violation de donn\u00e9es, les administrateurs syst\u00e8me prendront imm\u00e9diatement toutes les mesures n\u00e9cessaires pour garantir l\u2019int\u00e9grit\u00e9 du syst\u00e8me, contacteront les utilisateurs concern\u00e9s et tenteront de r\u00e9initialiser les mots de passe si n\u00e9cessaire.<\/p>\r\n<p>&nbsp;<\/p>\r\n<h3><span style=\"color: #8b233a; font-family: calibri; font-size: 24px;\">9. VOS DROITS DE DONN\u00c9ES<\/span><\/h3>\r\n<h5><strong><span style=\"font-family: calibri; padding-left: 20px;\">DROITS G\u00c9N\u00c9RAUX<\/span><\/strong><\/h5>\r\n<p style=\"padding-left: 20px; text-align: justify;\">Si vous avez un compte enregistr\u00e9 sur ce site Web ou avez laiss\u00e9 des commentaires, vous pouvez demander un fichier export\u00e9 des donn\u00e9es personnelles que nous conservons, y compris toutes les donn\u00e9es suppl\u00e9mentaires que vous nous avez fournies.<\/p>\r\n<p style=\"padding-left: 20px; text-align: justify;\">Vous pouvez \u00e9galement demander que nous effacions toutes les donn\u00e9es personnelles que nous avons stock\u00e9es. Cela n\u2019inclut pas les donn\u00e9es que nous sommes tenus de conserver \u00e0 des fins administratives, juridiques ou de s\u00e9curit\u00e9. En bref, nous ne pouvons pas effacer les donn\u00e9es vitales pour vous en tant que client actif (c\u2019est-\u00e0-dire les informations de compte de base comme une adresse e-mail).<\/p>\r\n<p style=\"padding-left: 20px; text-align: justify;\">Si vous souhaitez que toutes vos donn\u00e9es soient effac\u00e9es, nous ne serons plus en mesure de vous offrir une assistance ou d\u2019autres services li\u00e9s aux produits.<\/p>\r\n<h5><strong><span style=\"font-family: calibri; padding-left: 20px;\">DROITS RGPD<\/span><\/strong><\/h5>\r\n<p style=\"padding-left: 20px; text-align: justify;\">Votre vie priv\u00e9e est extr\u00eamement importante pour nous. \u00c0 l\u2019avenir avec le RGPD, nous visons \u00e0 soutenir la norme RGPD. Le Salon de Charlotte permet aux r\u00e9sidents de l\u2019Union europ\u00e9enne d\u2019utiliser son service. Par cons\u00e9quent, il est de l\u2019intention de Le Salon de Charlotte de se conformer au r\u00e8glement g\u00e9n\u00e9ral europ\u00e9en sur la protection des donn\u00e9es. Pour plus de d\u00e9tails, veuillez consulter ici: <a href=\"https:\/\/gdpr.eu\/\" target=\"_blank\" rel=\"noopener\">EU GDPR Information Portal<\/a>.<\/p>\r\n<p>&nbsp;<\/p>\r\n<h3><span style=\"color: #8b233a; font-family: calibri; font-size: 24px;\">10. SITES WEB DE TIERS<\/span><\/h3>\r\n<p style=\"padding-left: 20px; text-align: justify;\">Tous les liens de partage de r\u00e9seaux sociaux, affich\u00e9s sous forme de liens texte ou d\u2019ic\u00f4nes de r\u00e9seaux sociaux, ne vous connectent \u00e0 aucun des tiers associ\u00e9s, \u00e0 moins que vous ne cliquiez explicitement dessus.<\/p>\r\n<p style=\"padding-left: 20px; text-align: justify;\">Veuillez noter que cette politique de confidentialit\u00e9, et toute autre politique en place, en plus de toute modification, ne cr\u00e9e pas de droits opposables par des tiers ni n\u2019exige la divulgation de toute information personnelle relative aux membres du service ou du site. Le Salon de Charlotte n\u2019assume aucune responsabilit\u00e9 quant aux informations collect\u00e9es ou utilis\u00e9es par tout annonceur ou site Web tiers. Veuillez consulter la politique de confidentialit\u00e9 et les conditions d\u2019utilisation de chaque site que vous visitez via des liens tiers.<\/p>\r\n<p>&nbsp;<\/p>\r\n<h3><span style=\"color: #8b233a; font-family: calibri; font-size: 24px;\">11. COMMUNICATIONS DE VOS DONN\u00c9ES \u00c0 DES FINS L\u00c9GALES<\/span><\/h3>\r\n<p style=\"padding-left: 20px; text-align: justify;\">Parfois, il peut devenir n\u00e9cessaire ou souhaitable pour Le Salon de Charlotte, \u00e0 des fins l\u00e9gales, de divulguer vos informations en r\u00e9ponse \u00e0 une demande d\u2019une agence gouvernementale ou d\u2019un plaideur priv\u00e9. Vous acceptez que nous puissions divulguer vos informations \u00e0 un tiers lorsque nous pensons, de bonne foi, qu\u2019il est souhaitable de le faire aux fins d\u2019une action civile, d\u2019une enqu\u00eate p\u00e9nale ou d\u2019une autre question l\u00e9gale. Dans le cas o\u00f9 nous recevons une assignation affectant votre vie priv\u00e9e, nous pouvons choisir de vous en informer pour vous donner la possibilit\u00e9 de d\u00e9poser une requ\u00eate pour annuler l\u2019assignation, ou nous pouvons tenter de l\u2019annuler nous-m\u00eames, mais nous ne sommes pas oblig\u00e9s de le faire non plus. Nous pouvons \u00e9galement vous signaler de mani\u00e8re proactive et divulguer vos informations \u00e0 des tiers lorsque nous estimons qu\u2019il est prudent de le faire pour des raisons l\u00e9gales, telles que notre conviction que vous vous \u00eates engag\u00e9 dans des activit\u00e9s frauduleuses. Vous nous lib\u00e9rez de tout dommage pouvant r\u00e9sulter de ou li\u00e9 \u00e0 la divulgation de vos informations \u00e0 une demande d\u2019organismes charg\u00e9s de l\u2019application de la loi ou de justiciables priv\u00e9s. Toute transmission de donn\u00e9es personnelles \u00e0 des fins l\u00e9gales ne se fera que conform\u00e9ment aux lois du pays dans lequel vous r\u00e9sidez.<\/p>\r\n<p>&nbsp;<\/p>\r\n<h3><span style=\"color: #8b233a; font-family: calibri; font-size: 24px;\">12. AMENDEMENTS<\/span><\/h3>\r\n<p style=\"padding-left: 20px; text-align: justify;\">Nous pouvons modifier cette politique de confidentialit\u00e9 de temps \u00e0 autre. Lorsque nous modifierons cette politique de confidentialit\u00e9, nous mettrons \u00e0 jour cette page en cons\u00e9quence et vous demanderons d\u2019accepter les modifications afin d\u2019\u00eatre autoris\u00e9 \u00e0 continuer \u00e0 utiliser nos services.<\/p>\r\n<p><!--<\/div>\r\n<p>--><\/p>\r\n<p>[\/vc_column_text][\/vc_column][\/vc_row]<\/p><\/div>","protected":false},"excerpt":{"rendered":"<p>[vc_row][vc_column][vc_column_text] 1. INTRODUCTION Le Salon de Charlotte (adresse URL du site Web: https:\/\/www.lesalondecharlotte.fr) appr\u00e9cie votre confiance. Nous sommes une soci\u00e9t\u00e9&#8230;<\/p>\n","protected":false},"author":1,"featured_media":0,"parent":1896,"menu_order":0,"comment_status":"closed","ping_status":"closed","template":"","meta":{"footnotes":""},"class_list":["post-3","page","type-page","status-publish","hentry"],"_links":{"self":[{"href":"https:\/\/www.lesalondecharlotte.fr\/index.php\/wp-json\/wp\/v2\/pages\/3","targetHints":{"allow":["GET"]}}],"collection":[{"href":"https:\/\/www.lesalondecharlotte.fr\/index.php\/wp-json\/wp\/v2\/pages"}],"about":[{"href":"https:\/\/www.lesalondecharlotte.fr\/index.php\/wp-json\/wp\/v2\/types\/page"}],"author":[{"embeddable":true,"href":"https:\/\/www.lesalondecharlotte.fr\/index.php\/wp-json\/wp\/v2\/users\/1"}],"replies":[{"embeddable":true,"href":"https:\/\/www.lesalondecharlotte.fr\/index.php\/wp-json\/wp\/v2\/comments?post=3"}],"version-history":[{"count":62,"href":"https:\/\/www.lesalondecharlotte.fr\/index.php\/wp-json\/wp\/v2\/pages\/3\/revisions"}],"predecessor-version":[{"id":3386,"href":"https:\/\/www.lesalondecharlotte.fr\/index.php\/wp-json\/wp\/v2\/pages\/3\/revisions\/3386"}],"up":[{"embeddable":true,"href":"https:\/\/www.lesalondecharlotte.fr\/index.php\/wp-json\/wp\/v2\/pages\/1896"}],"wp:attachment":[{"href":"https:\/\/www.lesalondecharlotte.fr\/index.php\/wp-json\/wp\/v2\/media?parent=3"}],"curies":[{"name":"wp","href":"https:\/\/api.w.org\/{rel}","templated":true}]}}